18 - 137. Let z = s - 50. What is the tens digit of z?
3
Suppose 2*l + 0*l - 4 = 0. Suppose 2*s - 2*m - 7 + 1 = 0, l*s + 2 = 4*m. Let g(o) = 4*o + 3. What is the tens digit of g(s)?
3
Let g be 1/(-3) + (-1808)/(-6) + 2. Suppose -u - 3*h - g = -4*u, -3*u = 2*h - 308. What is the hundreds digit of u?
1
Let d(j) = -j**3 - 4*j**2 + 2*j - 6. Let h = -137 + 131. What is the units digit of d(h)?
4
Suppose 10055 + 2468 = 7*j. What is the hundreds digit of j?
7
Let f(w) = -18 - 4*w**2 + 5 + 3*w**2 - 17*w. Suppose 36 = -2*b - b + 3*l, b - 5*l = -8. What is the tens digit of f(b)?
3
Suppose 0 = r - 3 - 3. Let x be 6/(-8) + r/8. Suppose -2*o + 33 = -3*m, x = -6*o + 2*o - m + 101. What is the tens digit of o?
2
Let i(t) = 4*t - 2. Let c be i(7). Let s = c - 19. What is the units digit of s?
7
Let r be 1 - (20/1)/(-5). Let g(b) = -b**3 + 7*b**2 + 5*b - 2. What is the tens digit of g(r)?
7
Let t be (-18)/(-90) - 102/10. Let o = 29 + t. What is the units digit of o?
9
Let b be (1/3)/((-1)/(-27)). Suppose -b = -5*l + 6. Suppose 0*y + 93 = l*y + 4*u, -y + 21 = -2*u. What is the units digit of y?
7
Let r be (20 + 4)/(-3) + 2. What is the units digit of ((-26)/r)/(7/147)?
1
Let f = -13 - 66. Let t = -41 - f. Suppose t - 8 = 5*g. What is the units digit of g?
6
What is the units digit of 371/(-106)*(-680)/14?
0
Let w(i) = 16 + 9 + 11*i - 6*i. What is the units digit of w(5)?
0
Suppose -998 = -3*m + 2269. What is the units digit of m?
9
Let j be (308 - (2 + -1))*-3. Let a be 2/8 - j/12. Let h = 120 - a. What is the tens digit of h?
4
Let w(q) = 4*q + 9. Let b(o) = 6*o + 2. Let n be b(-2). Let h = -3 - n. What is the units digit of w(h)?
7
Let f(s) = 611*s - 17. What is the hundreds digit of f(4)?
4
Let j(k) = k**2 - k - 3. Let m = 1 + -6. What is the tens digit of j(m)?
2
Suppose k + 51 = 3*l, -3*k + 6*k = -9. Suppose -4*b + 8*s + 424 = 4*s, 4*s = l. What is the hundreds digit of b?
1
Let l(y) = y - 12. Let k(s) = 1. Let g(j) = -5*k(j) - l(j). Let t be g(5). Suppose 5*i = -t*n + 30, 54 = -n + 6*n + 2*i. What is the units digit of n?
0
Let k(h) = 13*h - 23. What is the tens digit of k(35)?
3
What is the tens digit of (-2)/(-19) - (-977960)/437?
3
What is the hundreds digit of ((-480)/(-84))/(-1*(-6)/1659)?
5
Suppose 60 = -2*b + 460. Suppose 0*i + b = 5*i. What is the tens digit of i?
4
Suppose -2*z = -z - 2*n - 875, -2616 = -3*z + 3*n. What is the tens digit of z?
6
Suppose -3*b = -5*o + 20, o - 8 = -4*b - o. Suppose 6*j - 4*j = 2*y + 6, b = 3*j - 5*y - 9. Suppose j*u + 2*u = 250. What is the tens digit of u?
5
Let j(o) = o**2 - 18*o + 36. Let b be j(16). Suppose -b*m = -n - 4 + 88, -n + m = -93. What is the tens digit of n?
9
Suppose -m + 427 = 3*a, -2*m - 283 = -2*a - m. What is the hundreds digit of a?
1
Let g(o) = 12 - 9*o**2 - 6*o**2 - o**2 + 15*o**2 + 4*o + 8*o. Suppose -r = -4*a + 17 + 21, 3*a - 38 = -4*r. What is the units digit of g(a)?
2
Suppose -42*r + 39710 = -4*r. What is the tens digit of r?
4
Let j be (2/4)/((-2)/(-8)). Suppose 4*s - j = 2*s. What is the units digit of s*((-18)/(-2) + 4)?
3
What is the units digit of 31559/33 - 6/18?
6
Let v be (2/6)/((-18)/(-216)). Suppose v*b = -3*d + 212, b - d - 5 = 55. What is the tens digit of b?
5
Let d be 2/((-3)/((-30)/4)). Suppose 3*j - 37 = 5*s, d*j + 5*s = -3 - 2. Suppose -2*l - 2*k + k + 41 = 0, 5*l - j*k = 96. What is the tens digit of l?
2
Let o(a) = a + 4*a + 2*a**3 - 5*a**2 + 1 - 2*a + 0*a. Suppose -8 = -5*k + 7. What is the tens digit of o(k)?
1
Let g(o) = 2*o**3 - 7*o**2 + 9*o + 3. Let y be g(4). Suppose 4*a = 133 + y. What is the units digit of a?
7
Suppose 3643 - 817 = -9*l. Let h = -171 - l. What is the tens digit of h?
4
Let z(k) = -k**3 + 17*k**2 - 31*k. What is the tens digit of z(14)?
5
Let z be 4/(-2) + 3 - -1. Suppose 0 = 5*y - 4*h - 1290, -516 = -z*y - h - 3*h. What is the hundreds digit of y?
2
Let m(q) = q**3 + 19*q**2 - q + 97. What is the tens digit of m(-16)?
8
Let l = 3197 - 2254. What is the units digit of l?
3
Let q(w) = -1 - w**3 - 14 + 11*w - 4 - 16*w**2 + 2. What is the units digit of q(-17)?
5
Suppose 36*p - 56 = 29*p. Suppose -3*u + 42 - 12 = 0. Let n = p + u. What is the tens digit of n?
1
Let s(a) = -54*a - 245. What is the thousands digit of s(-31)?
1
Let j be (-4)/10 + (-28)/(-70). Suppose j = 3*n - 1 - 5. Suppose 3*q - 25 = n. What is the units digit of q?
9
Let x = 295 + -226. What is the units digit of x?
9
Let i(n) = -n**2 - 2*n + 1. Let k be i(-4). Let m = k + 11. Suppose 3*s = m*s - 3. What is the units digit of s?
3
Suppose 0 = 73*b - 58*b - 33675. What is the tens digit of b?
4
Suppose 4*p - 3*p = 2. What is the units digit of 3/p + (-513)/(-18)?
0
Let r be 24/(-30) + (-796)/(-20). Suppose 5*v - 81 = -5*b + 29, 3*b = 2*v - r. What is the tens digit of v?
2
Suppose 5*t + 3*n - 39 = 0, 3*t - 2*n - 8 = 4. Suppose -l - t*b + 2*b = -22, 3*b - 17 = -l. What is the tens digit of 737/44 + l/8?
1
Let x = -40 + 16. What is the units digit of -2 - (-6*x/(-9) + -3)?
7
Let s = 34 + -30. Suppose -s*p = 2*m - 310, -6*p + 750 = 5*m - p. Let j = m + -79. What is the units digit of j?
6
Let q = 134 - -1210. What is the units digit of q?
4
Let m(b) = b + 1. Let t(f) be the second derivative of -5*f**3/3 - 7*f**2/2 - 9*f. Let z(a) = -5*m(a) - t(a). What is the tens digit of z(5)?
2
Let d = -1616 + 2427. What is the hundreds digit of d?
8
Let z(r) = -5*r**2 + 24*r + 11. Let d be z(7). Let y(f) = 5*f**3 + f**2 - 4*f - 2. Let h be y(-3). Let v = d - h. What is the tens digit of v?
5
Let y(x) = x**2 + 13*x + 14. Let k be y(-9). Let v = -31 - k. What is the tens digit of 33*(v/(-3) + -1)?
6
Suppose 5*u = 2*n + 57, -34 - 11 = -4*u + n. Let i(z) = -z + 14. Let c be i(u). Suppose 3*s - 126 = c*h, 3*h - 42 = -s + 2*h. What is the tens digit of s?
4
Suppose -5*k - b = -0*b - 29, 0 = 3*k - 4*b + 1. Suppose 79 = q - k*m, 3*m = q - 3*q + 119. What is the tens digit of q?
6
Suppose -5*y + 12 - 2 = 0. Suppose -y*t + 31 = -5*z, -5*z + 6 = t - 17. What is the tens digit of t?
1
Let o(x) = -2*x + 3. Let l be o(1). Let v(t) = 4*t**3 + 2*t - 1. Let q be v(l). Suppose q*s = -k - k + 77, -2*k = -2*s - 56. What is the tens digit of k?
3
Suppose -3*a - q = -0*q - 7, 5*a - 30 = 2*q. What is the hundreds digit of 6*(a + 11 + 2)?
1
Let z be -1 - 4*(-4)/(-8). Let u be 6/9 - (-8)/z. What is the tens digit of 656/22 + u/(-11)?
3
Suppose -5*u + 25 = 2*b, 3*b - 4 - 11 = 0. What is the units digit of (3/((-45)/(-57)))/(u/15)?
9
Suppose -5*t + 7 = -8. Suppose 4*a = 2*y + 10, -t + 2 = -a + 2*y. What is the units digit of (18/4)/(a/6)?
9
Let j(x) = 5*x + 7 - 3*x**3 + 3*x - 8*x**2 + 2*x**3. Let s be j(-9). What is the tens digit of 84/s*16/6?
1
Let q be 2*(-12)/(-8)*-1. Let j = q + 3. Suppose y = -j + 12. What is the units digit of y?
2
Let c = 10956 + -6188. What is the hundreds digit of c?
7
Let t = 831 + -648. What is the tens digit of t?
8
Suppose 0*o - o = -60. What is the tens digit of o?
6
What is the tens digit of (4/24 + (-69)/9)*-58?
3
Let p(h) = -9*h**2 + 20*h - 13*h + 9 + 1 + h**3. Let c be p(8). Suppose c*i = -3 + 15. What is the units digit of i?
6
Let j = 1016 - 561. What is the units digit of j?
5
What is the units digit of 4/(-6)*(46935/10)/(-7)?
7
Suppose 170 = -4*v + 6*v. Suppose -5*x - 10 + v = 0. What is the tens digit of x?
1
Suppose 5 = -3*t + 17. Suppose -t*j + 5*j = -3*s - 10, 0 = j + s. Suppose j*x - 3*x - 8 = w, 0 = -w + 4. What is the units digit of x?
6
Let m(j) = 5*j**3 - 3*j**2 + 3*j + 5. What is the units digit of m(2)?
9
Let l be -1*2/(-3 - -1). Let u be (13 + l)/(8/4). Suppose u*f = 8*f - 4. What is the units digit of f?
4
Let j be (-6)/(-4)*(-6)/9. What is the tens digit of (j - 5)/(1/(-9))?
5
What is the tens digit of 114/(-27) + 4 - 43968/(-54)?
1
Let p(c) = c**3 - 52*c**2 + 60*c + 142. What is the hundreds digit of p(51)?
6
What is the hundreds digit of (-51 + 68)/(0 + 1/29)?
4
Suppose -13*i = 11211 - 50757. What is the tens digit of i?
4
Suppose 4*i + 1 = -2*a + 9, 0 = -3*i + a - 4. Let j(o) = -o**2 - 5. Let n be j(i). Let z = n + 17. What is the units digit of z?
2
Let u(c) = -11*c - 179. What is the units digit of u(-43)?
4
Let w = 736 + -500. What is the tens digit of w?
3
What is the thousands digit of (39 - 41)*1*-1177?
2
Let k = 67 - 64. Suppose 0 = 3*w + 2*g - 631, -7*g 